{"id":1699,"date":"2023-05-22T11:03:52","date_gmt":"2023-05-22T17:03:52","guid":{"rendered":"https:\/\/www.bamxsaltillo.org.mx\/?page_id=1699"},"modified":"2025-06-23T09:12:52","modified_gmt":"2025-06-23T15:12:52","slug":"programa-comer-en-familia","status":"publish","type":"page","link":"https:\/\/www.bamxsaltillo.org.mx\/index.php\/programa-comer-en-familia\/","title":{"rendered":"Programa Comer en familia"},"content":{"rendered":"<h2 class=\" wp-block-heading has-text-align-center has-ast-global-color-5-color has-luminous-vivid-orange-background-color has-text-color has-background eplus-wrapper eplus-styles-uid-8b049c\">Comer en familia<\/h2>\n\n<div class=\" wp-block-columns eplus-wrapper is-layout-flex wp-container-5 wp-block-columns-is-layout-flex eplus-styles-uid-5e18cb\">\n<div class=\" wp-block-column eplus-wrapper is-layout-flow wp-block-column-is-layout-flow\"><div class=\"inherit-container-width  wp-block-group eplus-wrapper is-layout-constrained wp-block-group-is-layout-constrained eplus-styles-uid-3b4e74\">\n<figure class=\"is-style-default wp-block-image aligncenter size-medium eplus-wrapper\"><img decoding=\"async\" loading=\"lazy\" width=\"300\" height=\"276\" src=\"https:\/\/www.bamxsaltillo.org.mx\/fotchoaz\/2023\/04\/Comer-en-familia-300x276.png\" alt=\"\" class=\"wp-image-1537\" srcset=\"https:\/\/www.bamxsaltillo.org.mx\/fotchoaz\/2023\/04\/Comer-en-familia-300x276.png 300w, https:\/\/www.bamxsaltillo.org.mx\/fotchoaz\/2023\/04\/Comer-en-familia.png 653w\" sizes=\"(max-width: 300px) 100vw, 300px\" \/><\/figure>\n<\/div>\n\n\n<p class=\" has-text-align-center eplus-wrapper\">Nuestro objetivo es mejorar la conducta alimentaria y el estado nutricional de <strong>330\u00a0 familias <\/strong>a trav\u00e9s de talleres de cocina en donde se capacita sobre la \u00f3ptima preparaci\u00f3n en base a los alimentos locales, mayormente vegetales.<\/p>\n\n\n\n<p class=\" has-text-align-center eplus-wrapper\">Junto con estos talleres se les ense\u00f1a la importancia de tener buenos h\u00e1bitos alimentarios y se les explica por qu\u00e9 comer en familia es ideal para la convivencia y aprendizaje familiar. Gracias a nuestros aliados: <strong>Fundaci\u00f3n Alsea y Fundaci\u00f3n GIS<\/strong> por hacer posible este programa.<\/p>\n<\/div>\n\n\n<div class=\" wp-block-column is-vertically-aligned-center eplus-wrapper is-layout-constrained wp-block-column-is-layout-constrained eplus-styles-uid-fe3c8c\"><div class=\"inherit-container-width  wp-block-group eplus-wrapper is-layout-constrained wp-block-group-is-layout-constrained eplus-styles-uid-6bf734\">\n<div class=\"wp-block-slider-block-slider-block\"><div class=\"eb-parent-wrapper eb-parent-eb-slider-pojuwpz \"><div class=\"eb-slider-wrapper eb-slider-pojuwpz\" data-settings='{\"arrows\":false,\"adaptiveHeight\":false,\"autoplay\":true,\"autoplaySpeed\":4000,\"dots\":false,\"fade\":true,\"infinite\":true,\"pauseOnHover\":true,\"slidesToShow\":1,\"speed\":1000,\"initialSlide\":0,\"vertical\":false,\"responsive\":[{\"breakpoint\":1025,\"settings\":{\"slidesToShow\":1}},{\"breakpoint\":767,\"settings\":{\"slidesToShow\":1}}]}' data-images='[{\"url\":\"https:\/\/www.bamxsaltillo.org.mx\/fotchoaz\/2023\/04\/Comer-en-familia_00.jpg\",\"alt\":\"\",\"id\":0,\"imageId\":1513,\"caption\":\"\",\"title\":\"Slider 1\",\"subtitle\":\"Essential Blocks Slider Subtitle\",\"showButton\":true,\"buttonText\":\"See More\",\"buttonUrl\":\"\",\"openNewTab\":false,\"isValidUrl\":true},{\"url\":\"https:\/\/www.bamxsaltillo.org.mx\/fotchoaz\/2023\/04\/Comer-en-familia_01.jpg\",\"alt\":\"\",\"id\":1,\"imageId\":1514,\"caption\":\"\",\"title\":\"Slider 2\",\"subtitle\":\"Essential Blocks Slider Subtitle\",\"showButton\":true,\"buttonText\":\"See More\",\"buttonUrl\":\"\",\"openNewTab\":false,\"isValidUrl\":true},{\"url\":\"https:\/\/www.bamxsaltillo.org.mx\/fotchoaz\/2023\/04\/Comer-en-familia_02.jpg\",\"alt\":\"\",\"id\":2,\"imageId\":1515,\"caption\":\"\",\"title\":\"Slider 3\",\"subtitle\":\"Essential Blocks Slider Subtitle\",\"showButton\":true,\"buttonText\":\"See More\",\"buttonUrl\":\"\",\"openNewTab\":false,\"isValidUrl\":true},{\"url\":\"https:\/\/www.bamxsaltillo.org.mx\/fotchoaz\/2023\/04\/Comer-en-familia_03.jpg\",\"alt\":\"\",\"id\":3,\"imageId\":1516,\"caption\":\"\",\"title\":\"Slider 4\",\"subtitle\":\"Essential Blocks Slider Subtitle\",\"showButton\":true,\"buttonText\":\"See More\",\"buttonUrl\":\"\",\"openNewTab\":false,\"isValidUrl\":true},{\"url\":\"https:\/\/www.bamxsaltillo.org.mx\/fotchoaz\/2023\/04\/Comer-en-familia_04.jpg\",\"alt\":\"\",\"id\":4,\"imageId\":1517,\"caption\":\"\",\"title\":\"Slider 5\",\"subtitle\":\"Essential Blocks Slider Subtitle\",\"showButton\":true,\"buttonText\":\"See More\",\"buttonUrl\":\"\",\"openNewTab\":false,\"isValidUrl\":true},{\"url\":\"https:\/\/www.bamxsaltillo.org.mx\/fotchoaz\/2023\/04\/Comer-en-familia_05.jpg\",\"alt\":\"\",\"id\":5,\"imageId\":1518,\"caption\":\"\",\"title\":\"Slider 6\",\"subtitle\":\"Essential Blocks Slider Subtitle\",\"showButton\":true,\"buttonText\":\"See More\",\"buttonUrl\":\"\",\"openNewTab\":false,\"isValidUrl\":true},{\"url\":\"https:\/\/www.bamxsaltillo.org.mx\/fotchoaz\/2023\/04\/Comer-en-familia_06.jpg\",\"alt\":\"\",\"id\":6,\"imageId\":1519,\"caption\":\"\",\"title\":\"Slider 7\",\"subtitle\":\"Essential Blocks Slider Subtitle\",\"showButton\":true,\"buttonText\":\"See More\",\"buttonUrl\":\"\",\"openNewTab\":false,\"isValidUrl\":true},{\"url\":\"https:\/\/www.bamxsaltillo.org.mx\/fotchoaz\/2023\/04\/Comer-en-familia_07.jpg\",\"alt\":\"\",\"id\":7,\"imageId\":1520,\"caption\":\"\",\"title\":\"Slider 8\",\"subtitle\":\"Essential Blocks Slider Subtitle\",\"showButton\":true,\"buttonText\":\"See More\",\"buttonUrl\":\"\",\"openNewTab\":false,\"isValidUrl\":true},{\"url\":\"https:\/\/www.bamxsaltillo.org.mx\/fotchoaz\/2023\/04\/Comer-en-familia_08.jpg\",\"alt\":\"\",\"id\":8,\"imageId\":1521,\"caption\":\"\",\"title\":\"Slider 9\",\"subtitle\":\"Essential Blocks Slider Subtitle\",\"showButton\":true,\"buttonText\":\"See More\",\"buttonUrl\":\"\",\"openNewTab\":false,\"isValidUrl\":true},{\"url\":\"https:\/\/www.bamxsaltillo.org.mx\/fotchoaz\/2023\/04\/Comer-en-familia_09.jpg\",\"alt\":\"\",\"id\":9,\"imageId\":1522,\"caption\":\"\",\"title\":\"Slider 10\",\"subtitle\":\"Essential Blocks Slider Subtitle\",\"showButton\":true,\"buttonText\":\"See More\",\"buttonUrl\":\"\",\"openNewTab\":false,\"isValidUrl\":true},{\"url\":\"https:\/\/www.bamxsaltillo.org.mx\/fotchoaz\/2023\/04\/Comer-en-familia_10.jpg\",\"alt\":\"\",\"id\":10,\"imageId\":1523,\"caption\":\"\",\"title\":\"Slider 11\",\"subtitle\":\"Essential Blocks Slider Subtitle\",\"showButton\":true,\"buttonText\":\"See More\",\"buttonUrl\":\"\",\"openNewTab\":false,\"isValidUrl\":true},{\"url\":\"https:\/\/www.bamxsaltillo.org.mx\/fotchoaz\/2023\/04\/Comer-en-familia_11.jpg\",\"alt\":\"\",\"id\":11,\"imageId\":1524,\"caption\":\"\",\"title\":\"Slider 12\",\"subtitle\":\"Essential Blocks Slider Subtitle\",\"showButton\":true,\"buttonText\":\"See More\",\"buttonUrl\":\"\",\"openNewTab\":false,\"isValidUrl\":true},{\"url\":\"https:\/\/www.bamxsaltillo.org.mx\/fotchoaz\/2023\/04\/Comer-en-familia_12.jpg\",\"alt\":\"\",\"id\":12,\"imageId\":1525,\"caption\":\"\",\"title\":\"Slider 13\",\"subtitle\":\"Essential Blocks Slider Subtitle\",\"showButton\":true,\"buttonText\":\"See More\",\"buttonUrl\":\"\",\"openNewTab\":false,\"isValidUrl\":true},{\"url\":\"https:\/\/www.bamxsaltillo.org.mx\/fotchoaz\/2023\/04\/Comer-en-familia_13.jpg\",\"alt\":\"\",\"id\":13,\"imageId\":1526,\"caption\":\"\",\"title\":\"Slider 14\",\"subtitle\":\"Essential Blocks Slider Subtitle\",\"showButton\":true,\"buttonText\":\"See More\",\"buttonUrl\":\"\",\"openNewTab\":false,\"isValidUrl\":true},{\"url\":\"https:\/\/www.bamxsaltillo.org.mx\/fotchoaz\/2023\/04\/Comer-en-familia_14.jpg\",\"alt\":\"\",\"id\":14,\"imageId\":1527,\"caption\":\"\",\"title\":\"Slider 15\",\"subtitle\":\"Essential Blocks Slider Subtitle\",\"showButton\":true,\"buttonText\":\"See More\",\"buttonUrl\":\"\",\"openNewTab\":false,\"isValidUrl\":true},{\"url\":\"https:\/\/www.bamxsaltillo.org.mx\/fotchoaz\/2023\/04\/Comer-en-familia_15.jpg\",\"alt\":\"\",\"id\":15,\"imageId\":1528,\"caption\":\"\",\"title\":\"Slider 16\",\"subtitle\":\"Essential Blocks Slider Subtitle\",\"showButton\":true,\"buttonText\":\"See More\",\"buttonUrl\":\"\",\"openNewTab\":false,\"isValidUrl\":true},{\"url\":\"https:\/\/www.bamxsaltillo.org.mx\/fotchoaz\/2023\/04\/Comer-en-familia_16.jpg\",\"alt\":\"\",\"id\":16,\"imageId\":1529,\"caption\":\"\",\"title\":\"Slider 17\",\"subtitle\":\"Essential Blocks Slider Subtitle\",\"showButton\":true,\"buttonText\":\"See More\",\"buttonUrl\":\"\",\"openNewTab\":false,\"isValidUrl\":true},{\"url\":\"https:\/\/www.bamxsaltillo.org.mx\/fotchoaz\/2023\/04\/Comer-en-familia_17.jpg\",\"alt\":\"\",\"id\":17,\"imageId\":1530,\"caption\":\"\",\"title\":\"Slider 18\",\"subtitle\":\"Essential Blocks Slider Subtitle\",\"showButton\":true,\"buttonText\":\"See More\",\"buttonUrl\":\"\",\"openNewTab\":false,\"isValidUrl\":true},{\"url\":\"https:\/\/www.bamxsaltillo.org.mx\/fotchoaz\/2023\/04\/Comer-en-familia_18.jpg\",\"alt\":\"\",\"id\":18,\"imageId\":1531,\"caption\":\"\",\"title\":\"Slider 19\",\"subtitle\":\"Essential Blocks Slider Subtitle\",\"showButton\":true,\"buttonText\":\"See More\",\"buttonUrl\":\"\",\"openNewTab\":false,\"isValidUrl\":true},{\"url\":\"https:\/\/www.bamxsaltillo.org.mx\/fotchoaz\/2023\/04\/Comer-en-familia_19.jpg\",\"alt\":\"\",\"id\":19,\"imageId\":1532,\"caption\":\"\",\"title\":\"Slider 20\",\"subtitle\":\"Essential Blocks Slider Subtitle\",\"showButton\":true,\"buttonText\":\"See More\",\"buttonUrl\":\"\",\"openNewTab\":false,\"isValidUrl\":true},{\"url\":\"https:\/\/www.bamxsaltillo.org.mx\/fotchoaz\/2023\/04\/Comer-en-familia_20.jpg\",\"alt\":\"\",\"id\":20,\"imageId\":1533,\"caption\":\"\",\"title\":\"Slider 21\",\"subtitle\":\"Essential Blocks Slider Subtitle\",\"showButton\":true,\"buttonText\":\"See More\",\"buttonUrl\":\"\",\"openNewTab\":false,\"isValidUrl\":true},{\"url\":\"https:\/\/www.bamxsaltillo.org.mx\/fotchoaz\/2023\/04\/Comer-en-familia_21.jpg\",\"alt\":\"\",\"id\":21,\"imageId\":1534,\"caption\":\"\",\"title\":\"Slider 22\",\"subtitle\":\"Essential Blocks Slider Subtitle\",\"showButton\":true,\"buttonText\":\"See More\",\"buttonUrl\":\"\",\"openNewTab\":false,\"isValidUrl\":true},{\"url\":\"https:\/\/www.bamxsaltillo.org.mx\/fotchoaz\/2023\/04\/Comer-en-familia_22.jpg\",\"alt\":\"\",\"id\":22,\"imageId\":1535,\"caption\":\"\",\"title\":\"Slider 23\",\"subtitle\":\"Essential Blocks Slider Subtitle\",\"showButton\":true,\"buttonText\":\"See More\",\"buttonUrl\":\"\",\"openNewTab\":false,\"isValidUrl\":true},{\"url\":\"https:\/\/www.bamxsaltillo.org.mx\/fotchoaz\/2023\/04\/Comer-en-familia_23.jpg\",\"alt\":\"\",\"id\":23,\"imageId\":1536,\"caption\":\"\",\"title\":\"Slider 24\",\"subtitle\":\"Essential Blocks Slider Subtitle\",\"showButton\":true,\"buttonText\":\"See More\",\"buttonUrl\":\"\",\"openNewTab\":false,\"isValidUrl\":true}]' data-slidercontenttype=\"content-1\" data-slidertype=\"image\" data-textalign=\"left\"><div class=\"image\"><div class=\"eb-slider-item content-1\"><img decoding=\"async\" class=\"eb-slider-image\" src=\"https:\/\/www.bamxsaltillo.org.mx\/fotchoaz\/2023\/04\/Comer-en-familia_00.jpg\"><\/div><div class=\"eb-slider-item content-1\"><img decoding=\"async\" class=\"eb-slider-image\" src=\"https:\/\/www.bamxsaltillo.org.mx\/fotchoaz\/2023\/04\/Comer-en-familia_01.jpg\"><\/div><div class=\"eb-slider-item content-1\"><img decoding=\"async\" class=\"eb-slider-image\" src=\"https:\/\/www.bamxsaltillo.org.mx\/fotchoaz\/2023\/04\/Comer-en-familia_02.jpg\"><\/div><div class=\"eb-slider-item content-1\"><img decoding=\"async\" class=\"eb-slider-image\" src=\"https:\/\/www.bamxsaltillo.org.mx\/fotchoaz\/2023\/04\/Comer-en-familia_03.jpg\"><\/div><div class=\"eb-slider-item content-1\"><img decoding=\"async\" class=\"eb-slider-image\" src=\"https:\/\/www.bamxsaltillo.org.mx\/fotchoaz\/2023\/04\/Comer-en-familia_04.jpg\"><\/div><div class=\"eb-slider-item content-1\"><img decoding=\"async\" class=\"eb-slider-image\" src=\"https:\/\/www.bamxsaltillo.org.mx\/fotchoaz\/2023\/04\/Comer-en-familia_05.jpg\"><\/div><div class=\"eb-slider-item content-1\"><img decoding=\"async\" class=\"eb-slider-image\" src=\"https:\/\/www.bamxsaltillo.org.mx\/fotchoaz\/2023\/04\/Comer-en-familia_06.jpg\"><\/div><div class=\"eb-slider-item content-1\"><img decoding=\"async\" class=\"eb-slider-image\" src=\"https:\/\/www.bamxsaltillo.org.mx\/fotchoaz\/2023\/04\/Comer-en-familia_07.jpg\"><\/div><div class=\"eb-slider-item content-1\"><img decoding=\"async\" class=\"eb-slider-image\" src=\"https:\/\/www.bamxsaltillo.org.mx\/fotchoaz\/2023\/04\/Comer-en-familia_08.jpg\"><\/div><div class=\"eb-slider-item content-1\"><img decoding=\"async\" class=\"eb-slider-image\" src=\"https:\/\/www.bamxsaltillo.org.mx\/fotchoaz\/2023\/04\/Comer-en-familia_09.jpg\"><\/div><div class=\"eb-slider-item content-1\"><img decoding=\"async\" class=\"eb-slider-image\" src=\"https:\/\/www.bamxsaltillo.org.mx\/fotchoaz\/2023\/04\/Comer-en-familia_10.jpg\"><\/div><div class=\"eb-slider-item content-1\"><img decoding=\"async\" class=\"eb-slider-image\" src=\"https:\/\/www.bamxsaltillo.org.mx\/fotchoaz\/2023\/04\/Comer-en-familia_11.jpg\"><\/div><div class=\"eb-slider-item content-1\"><img decoding=\"async\" class=\"eb-slider-image\" src=\"https:\/\/www.bamxsaltillo.org.mx\/fotchoaz\/2023\/04\/Comer-en-familia_12.jpg\"><\/div><div class=\"eb-slider-item content-1\"><img decoding=\"async\" class=\"eb-slider-image\" src=\"https:\/\/www.bamxsaltillo.org.mx\/fotchoaz\/2023\/04\/Comer-en-familia_13.jpg\"><\/div><div class=\"eb-slider-item content-1\"><img decoding=\"async\" class=\"eb-slider-image\" src=\"https:\/\/www.bamxsaltillo.org.mx\/fotchoaz\/2023\/04\/Comer-en-familia_14.jpg\"><\/div><div class=\"eb-slider-item content-1\"><img decoding=\"async\" class=\"eb-slider-image\" src=\"https:\/\/www.bamxsaltillo.org.mx\/fotchoaz\/2023\/04\/Comer-en-familia_15.jpg\"><\/div><div class=\"eb-slider-item content-1\"><img decoding=\"async\" class=\"eb-slider-image\" src=\"https:\/\/www.bamxsaltillo.org.mx\/fotchoaz\/2023\/04\/Comer-en-familia_16.jpg\"><\/div><div class=\"eb-slider-item content-1\"><img decoding=\"async\" class=\"eb-slider-image\" src=\"https:\/\/www.bamxsaltillo.org.mx\/fotchoaz\/2023\/04\/Comer-en-familia_17.jpg\"><\/div><div class=\"eb-slider-item content-1\"><img decoding=\"async\" class=\"eb-slider-image\" src=\"https:\/\/www.bamxsaltillo.org.mx\/fotchoaz\/2023\/04\/Comer-en-familia_18.jpg\"><\/div><div class=\"eb-slider-item content-1\"><img decoding=\"async\" class=\"eb-slider-image\" src=\"https:\/\/www.bamxsaltillo.org.mx\/fotchoaz\/2023\/04\/Comer-en-familia_19.jpg\"><\/div><div class=\"eb-slider-item content-1\"><img decoding=\"async\" class=\"eb-slider-image\" src=\"https:\/\/www.bamxsaltillo.org.mx\/fotchoaz\/2023\/04\/Comer-en-familia_20.jpg\"><\/div><div class=\"eb-slider-item content-1\"><img decoding=\"async\" class=\"eb-slider-image\" src=\"https:\/\/www.bamxsaltillo.org.mx\/fotchoaz\/2023\/04\/Comer-en-familia_21.jpg\"><\/div><div class=\"eb-slider-item content-1\"><img decoding=\"async\" class=\"eb-slider-image\" src=\"https:\/\/www.bamxsaltillo.org.mx\/fotchoaz\/2023\/04\/Comer-en-familia_22.jpg\"><\/div><div class=\"eb-slider-item content-1\"><img decoding=\"async\" class=\"eb-slider-image\" src=\"https:\/\/www.bamxsaltillo.org.mx\/fotchoaz\/2023\/04\/Comer-en-familia_23.jpg\"><\/div><\/div><\/div><\/div><\/div>\n<\/div><\/div><\/div>\n\n\n<h2 class=\" wp-block-heading eplus-wrapper\"><\/h2>\n","protected":false},"excerpt":{"rendered":"<p>Comer en familia Nuestro objetivo es mejorar la conducta alimentaria y el estado nutricional de 330&nbsp; familias a trav\u00e9s de talleres de cocina en donde se capacita sobre la \u00f3ptima preparaci\u00f3n en base a los alimentos locales, mayormente vegetales. Junto con estos talleres se les ense\u00f1a la importancia de tener buenos h\u00e1bitos alimentarios y se &hellip;<\/p>\n<p class=\"read-more\"> <a class=\"\" href=\"https:\/\/www.bamxsaltillo.org.mx\/index.php\/programa-comer-en-familia\/\"> <span class=\"screen-reader-text\">Programa Comer en familia<\/span> Leer m\u00e1s &raquo;<\/a><\/p>\n","protected":false},"author":1,"featured_media":0,"parent":0,"menu_order":0,"comment_status":"closed","ping_status":"closed","template":"","meta":{"_eb_attr":"","inline_featured_image":false,"_uag_custom_page_level_css":"","editor_plus_copied_stylings":"{}","site-sidebar-layout":"default","site-content-layout":"","ast-site-content-layout":"default","site-content-style":"default","site-sidebar-style":"default","ast-global-header-display":"","ast-banner-title-visibility":"","ast-main-header-display":"","ast-hfb-above-header-display":"","ast-hfb-below-header-display":"","ast-hfb-mobile-header-display":"","site-post-title":"disabled","ast-breadcrumbs-content":"","ast-featured-img":"","footer-sml-layout":"","theme-transparent-header-meta":"","adv-header-id-meta":"","stick-header-meta":"","header-above-stick-meta":"","header-main-stick-meta":"","header-below-stick-meta":"","astra-migrate-meta-layouts":"set","footnotes":""},"yoast_head":"\n<title>Programa Comer en familia -<\/title>\n<meta name=\"robots\" content=\"index, follow, max-snippet:-1, max-image-preview:large, max-video-preview:-1\" \/>\n<link rel=\"canonical\" href=\"https:\/\/www.bamxsaltillo.org.mx\/index.php\/programa-comer-en-familia\/\" \/>\n<meta property=\"og:locale\" content=\"es_MX\" \/>\n<meta property=\"og:type\" content=\"article\" \/>\n<meta property=\"og:title\" content=\"Programa Comer en familia -\" \/>\n<meta property=\"og:description\" content=\"Comer en familia Nuestro objetivo es mejorar la conducta alimentaria y el estado nutricional de 330&nbsp; familias a trav\u00e9s de talleres de cocina en donde se capacita sobre la \u00f3ptima preparaci\u00f3n en base a los alimentos locales, mayormente vegetales. Junto con estos talleres se les ense\u00f1a la importancia de tener buenos h\u00e1bitos alimentarios y se &hellip; Programa Comer en familia Leer m\u00e1s &raquo;\" \/>\n<meta property=\"og:url\" content=\"https:\/\/www.bamxsaltillo.org.mx\/index.php\/programa-comer-en-familia\/\" \/>\n<meta property=\"article:publisher\" content=\"https:\/\/www.facebook.com\/bamxsaltillo\" \/>\n<meta property=\"article:modified_time\" content=\"2025-06-23T15:12:52+00:00\" \/>\n<meta property=\"og:image\" content=\"https:\/\/www.bamxsaltillo.org.mx\/fotchoaz\/2023\/04\/Comer-en-familia-300x276.png\" \/>\n<meta name=\"twitter:card\" content=\"summary_large_image\" \/>\n<meta name=\"twitter:site\" content=\"@saltillobamx\" \/>\n<meta name=\"twitter:label1\" content=\"Tiempo de lectura\" \/>\n\t<meta name=\"twitter:data1\" content=\"6 minutos\" \/>\n<script type=\"application\/ld+json\" class=\"yoast-schema-graph\">{\"@context\":\"https:\/\/schema.org\",\"@graph\":[{\"@type\":\"WebPage\",\"@id\":\"https:\/\/www.bamxsaltillo.org.mx\/index.php\/programa-comer-en-familia\/\",\"url\":\"https:\/\/www.bamxsaltillo.org.mx\/index.php\/programa-comer-en-familia\/\",\"name\":\"Programa Comer en familia -\",\"isPartOf\":{\"@id\":\"https:\/\/www.bamxsaltillo.org.mx\/#website\"},\"datePublished\":\"2023-05-22T17:03:52+00:00\",\"dateModified\":\"2025-06-23T15:12:52+00:00\",\"breadcrumb\":{\"@id\":\"https:\/\/www.bamxsaltillo.org.mx\/index.php\/programa-comer-en-familia\/#breadcrumb\"},\"inLanguage\":\"es-MX\",\"potentialAction\":[{\"@type\":\"ReadAction\",\"target\":[\"https:\/\/www.bamxsaltillo.org.mx\/index.php\/programa-comer-en-familia\/\"]}]},{\"@type\":\"BreadcrumbList\",\"@id\":\"https:\/\/www.bamxsaltillo.org.mx\/index.php\/programa-comer-en-familia\/#breadcrumb\",\"itemListElement\":[{\"@type\":\"ListItem\",\"position\":1,\"name\":\"Inicio\",\"item\":\"https:\/\/www.bamxsaltillo.org.mx\/\"},{\"@type\":\"ListItem\",\"position\":2,\"name\":\"Programa Comer en familia\"}]},{\"@type\":\"WebSite\",\"@id\":\"https:\/\/www.bamxsaltillo.org.mx\/#website\",\"url\":\"https:\/\/www.bamxsaltillo.org.mx\/\",\"name\":\"Banco de alimentos de Saltillo\",\"description\":\"\",\"publisher\":{\"@id\":\"https:\/\/www.bamxsaltillo.org.mx\/#organization\"},\"potentialAction\":[{\"@type\":\"SearchAction\",\"target\":{\"@type\":\"EntryPoint\",\"urlTemplate\":\"https:\/\/www.bamxsaltillo.org.mx\/?s={search_term_string}\"},\"query-input\":\"required name=search_term_string\"}],\"inLanguage\":\"es-MX\"},{\"@type\":\"Organization\",\"@id\":\"https:\/\/www.bamxsaltillo.org.mx\/#organization\",\"name\":\"Banco de alimentos de Saltillo\",\"url\":\"https:\/\/www.bamxsaltillo.org.mx\/\",\"logo\":{\"@type\":\"ImageObject\",\"inLanguage\":\"es-MX\",\"@id\":\"https:\/\/www.bamxsaltillo.org.mx\/#\/schema\/logo\/image\/\",\"url\":\"https:\/\/www.bamxsaltillo.org.mx\/fotchoaz\/2023\/04\/cropped-Logo_00-1.png\",\"contentUrl\":\"https:\/\/www.bamxsaltillo.org.mx\/fotchoaz\/2023\/04\/cropped-Logo_00-1.png\",\"width\":390,\"height\":280,\"caption\":\"Banco de alimentos de Saltillo\"},\"image\":{\"@id\":\"https:\/\/www.bamxsaltillo.org.mx\/#\/schema\/logo\/image\/\"},\"sameAs\":[\"https:\/\/www.facebook.com\/bamxsaltillo\",\"https:\/\/twitter.com\/saltillobamx\",\"https:\/\/www.instagram.com\/banco.alimentos.saltillo\/?hl=es-la\",\"https:\/\/www.youtube.com\/channel\/UCJacDQPCLdtOIGheBBskEIQ\"]}]}<\/script>\n","yoast_head_json":{"title":"Programa Comer en familia -","robots":{"index":"index","follow":"follow","max-snippet":"max-snippet:-1","max-image-preview":"max-image-preview:large","max-video-preview":"max-video-preview:-1"},"canonical":"https:\/\/www.bamxsaltillo.org.mx\/index.php\/programa-comer-en-familia\/","og_locale":"es_MX","og_type":"article","og_title":"Programa Comer en familia -","og_description":"Comer en familia Nuestro objetivo es mejorar la conducta alimentaria y el estado nutricional de 330&nbsp; familias a trav\u00e9s de talleres de cocina en donde se capacita sobre la \u00f3ptima preparaci\u00f3n en base a los alimentos locales, mayormente vegetales. Junto con estos talleres se les ense\u00f1a la importancia de tener buenos h\u00e1bitos alimentarios y se &hellip; Programa Comer en familia Leer m\u00e1s &raquo;","og_url":"https:\/\/www.bamxsaltillo.org.mx\/index.php\/programa-comer-en-familia\/","article_publisher":"https:\/\/www.facebook.com\/bamxsaltillo","article_modified_time":"2025-06-23T15:12:52+00:00","og_image":[{"url":"https:\/\/www.bamxsaltillo.org.mx\/fotchoaz\/2023\/04\/Comer-en-familia-300x276.png"}],"twitter_card":"summary_large_image","twitter_site":"@saltillobamx","twitter_misc":{"Tiempo de lectura":"6 minutos"},"schema":{"@context":"https:\/\/schema.org","@graph":[{"@type":"WebPage","@id":"https:\/\/www.bamxsaltillo.org.mx\/index.php\/programa-comer-en-familia\/","url":"https:\/\/www.bamxsaltillo.org.mx\/index.php\/programa-comer-en-familia\/","name":"Programa Comer en familia -","isPartOf":{"@id":"https:\/\/www.bamxsaltillo.org.mx\/#website"},"datePublished":"2023-05-22T17:03:52+00:00","dateModified":"2025-06-23T15:12:52+00:00","breadcrumb":{"@id":"https:\/\/www.bamxsaltillo.org.mx\/index.php\/programa-comer-en-familia\/#breadcrumb"},"inLanguage":"es-MX","potentialAction":[{"@type":"ReadAction","target":["https:\/\/www.bamxsaltillo.org.mx\/index.php\/programa-comer-en-familia\/"]}]},{"@type":"BreadcrumbList","@id":"https:\/\/www.bamxsaltillo.org.mx\/index.php\/programa-comer-en-familia\/#breadcrumb","itemListElement":[{"@type":"ListItem","position":1,"name":"Inicio","item":"https:\/\/www.bamxsaltillo.org.mx\/"},{"@type":"ListItem","position":2,"name":"Programa Comer en familia"}]},{"@type":"WebSite","@id":"https:\/\/www.bamxsaltillo.org.mx\/#website","url":"https:\/\/www.bamxsaltillo.org.mx\/","name":"Banco de alimentos de Saltillo","description":"","publisher":{"@id":"https:\/\/www.bamxsaltillo.org.mx\/#organization"},"potentialAction":[{"@type":"SearchAction","target":{"@type":"EntryPoint","urlTemplate":"https:\/\/www.bamxsaltillo.org.mx\/?s={search_term_string}"},"query-input":"required name=search_term_string"}],"inLanguage":"es-MX"},{"@type":"Organization","@id":"https:\/\/www.bamxsaltillo.org.mx\/#organization","name":"Banco de alimentos de Saltillo","url":"https:\/\/www.bamxsaltillo.org.mx\/","logo":{"@type":"ImageObject","inLanguage":"es-MX","@id":"https:\/\/www.bamxsaltillo.org.mx\/#\/schema\/logo\/image\/","url":"https:\/\/www.bamxsaltillo.org.mx\/fotchoaz\/2023\/04\/cropped-Logo_00-1.png","contentUrl":"https:\/\/www.bamxsaltillo.org.mx\/fotchoaz\/2023\/04\/cropped-Logo_00-1.png","width":390,"height":280,"caption":"Banco de alimentos de Saltillo"},"image":{"@id":"https:\/\/www.bamxsaltillo.org.mx\/#\/schema\/logo\/image\/"},"sameAs":["https:\/\/www.facebook.com\/bamxsaltillo","https:\/\/twitter.com\/saltillobamx","https:\/\/www.instagram.com\/banco.alimentos.saltillo\/?hl=es-la","https:\/\/www.youtube.com\/channel\/UCJacDQPCLdtOIGheBBskEIQ"]}]}},"uagb_featured_image_src":{"full":false,"thumbnail":false,"medium":false,"medium_large":false,"large":false,"1536x1536":false,"2048x2048":false},"uagb_author_info":{"display_name":"admin","author_link":"https:\/\/www.bamxsaltillo.org.mx\/index.php\/author\/admin\/"},"uagb_comment_info":0,"uagb_excerpt":"Comer en familia Nuestro objetivo es mejorar la conducta alimentaria y el estado nutricional de 330&nbsp; familias a trav\u00e9s de talleres de cocina en donde se capacita sobre la \u00f3ptima preparaci\u00f3n en base a los alimentos locales, mayormente vegetales. Junto con estos talleres se les ense\u00f1a la importancia de tener buenos h\u00e1bitos alimentarios y se&hellip;","_links":{"self":[{"href":"https:\/\/www.bamxsaltillo.org.mx\/index.php\/wp-json\/wp\/v2\/pages\/1699"}],"collection":[{"href":"https:\/\/www.bamxsaltillo.org.mx\/index.php\/wp-json\/wp\/v2\/pages"}],"about":[{"href":"https:\/\/www.bamxsaltillo.org.mx\/index.php\/wp-json\/wp\/v2\/types\/page"}],"author":[{"embeddable":true,"href":"https:\/\/www.bamxsaltillo.org.mx\/index.php\/wp-json\/wp\/v2\/users\/1"}],"replies":[{"embeddable":true,"href":"https:\/\/www.bamxsaltillo.org.mx\/index.php\/wp-json\/wp\/v2\/comments?post=1699"}],"version-history":[{"count":13,"href":"https:\/\/www.bamxsaltillo.org.mx\/index.php\/wp-json\/wp\/v2\/pages\/1699\/revisions"}],"predecessor-version":[{"id":3076,"href":"https:\/\/www.bamxsaltillo.org.mx\/index.php\/wp-json\/wp\/v2\/pages\/1699\/revisions\/3076"}],"wp:attachment":[{"href":"https:\/\/www.bamxsaltillo.org.mx\/index.php\/wp-json\/wp\/v2\/media?parent=1699"}],"curies":[{"name":"wp","href":"https:\/\/api.w.org\/{rel}","templated":true}]}}